t(h) = 21*h**2 - 2*h - 1. Let a be t(-1). Let j = -19 + a. Suppose -i = 4*b + j, 0*i - i - 9 = -2*b. What is q(i)?
-4
Suppose -5*h + f = 5, 0*h + 2*f - 10 = 3*h. Suppose d - 5 = h, -2 + 12 = -2*q + 4*d. Let m(a) be the third derivative of a**4/24 - 2*a**2 - 189. What is m(q)?
5
Let v(j) = -4*j**2 - j + 4. Let a(g) = -27*g + 2786. Let x be a(103). Calculate v(x).
-101
Suppose -s + 1208 = 3*s. Let z = 174 - s. Let w = z - -137. Let p(b) = b**2 - 12*b + 9. Determine p(w).
-18
Let n(g) = -3*g**3 + 2*g + 4. Suppose -101*c + 28*c - 146 = 0. Determine n(c).
24
Let u(z) = -3*z**2 - 4*z + 7. Suppose 374*c - 370*c - 4 = 0, -2*s + 5*c - 1 = 0. Calculate u(s).
-13
Let i(c) = -3*c - 42*c + 23*c + 21*c - 14. Suppose 0 = g + g. Calculate i(g).
-14
Let m(x) = -7 + 73 - 515*x - 509*x - 514*x - x**2 + 1546*x. Calculate m(13).
1
Suppose 59*h - 2 = 57*h + 2*t, 0 = 5*h + 3*t - 29. Let n(y) = y**2 - 4*y + 12. Give n(h).
12
Let n(g) = 8*g**3 + 14*g**2 - 10*g + 16. Let w(m) = m**3 + 2*m**2 - m + 2. Let z(x) = -n(x) + 7*w(x). Determine z(-3).
16
Let k(g) be the first derivative of -13*g**2/2 - 188*g + 305. Calculate k(-14).
-6
Let f(r) be the first derivative of 6*r**2 - 30*r + 2841. What is f(2)?
-6
Let w(k) = -2*k - 326 + 172 + 10*k + k + 168 + 6*k**2. Give w(-4).
74
Let f(u) = -u**3 + 2*u**2 + 8*u - 24. Let n(k) = 8*k**3 - 15*k**2 - 65*k + 200. Let g(z) = 25*f(z) + 3*n(z). Determine g(8).
-152
Let i = -1 + 23. Let l(c) = 4*c - i*c**2 - 29*c**2 + 10*c + 50*c**2 + 8. Give l(15).
-7
Let z(d) be the second derivative of d**3/6 - 5*d**2/2 - 2*d. Let k = 694 - 677. Suppose 4*u + 12 = 4*t, -50 + k = 5*u + t. Give z(u).
-11
Let b(q) = 20*q**3 - 3*q**2 + 7*q + 2. Let d(o) = 45*o**3 - 8*o**2 + 15*o + 3. Let t(k) = 7*b(k) - 3*d(k). Calculate t(-3).
-115
Let m = 3408 + -3397. Let v(o) = 7*o - 83. Calculate v(m).
-6
Let l(t) = 3*t**2 - 44*t + 30. Suppose -14 = -4*s - i + 41, -3*i - 45 = -3*s. What is l(s)?
2
Let w be 13/(-10)*-2 - (-532)/1330. Let p(z) = -z**2 - 400*z**3 + 3 + 6*z**2 + 399*z**w - 5*z. Calculate p(4).
-1
Let q = 82 - 82. Suppose -84*i + 79*i + 10 = q. Let a be (-9 + 9)/(2/i). Let v(f) = -f - 2. What is v(a)?
-2
Suppose -4*n + 25 = 9. Let p(t) = 7*t**2 - t**2 - 2*t**2 + 5*t**2 - 3*t - 5*t**3 + 9. Let k(q) = -q**3 + q**2 + 1. Let f(j) = -4*k(j) + p(j). Give f(n).
9
Let a be (-30)/195 - (-524)/26. Let t be (-8)/(-20)*a - (0 + -3). Let g = t - 12. Let y(u) = 10*u + 1. Give y(g).
-9
Let i(d) = -d**3 + 6*d**2 + 7*d - 6. Let s be (14 - 20)*-1 + -1. Let j be 3*1 - -1 - -1. Suppose -j*k + s*r = -25, -2*k + 0*r = 4*r - 22. Determine i(k).
-6
Let m(r) = -22554*r + 11274*r - 22 + 11276*r. What is m(-4)?
-6
Suppose 24*y = 27*y - 156. Let i(b) = -y*b - 53*b + 9 - 54*b + 158*b. Determine i(5).
4
Let r(g) = -g**3 - 4*g**2 + 3*g + 8. Let b(l) = l**3 - 57*l**2 + 57*l - 60. Let v be b(56). Determine r(v).
-4
Let b(t) = 112*t - 48*t - 42*t - 41*t - 17. Let n(k) = -23*k - 17. Let u(w) = 5*b(w) - 4*n(w). Calculate u(-8).
7
Let m(y) be the third derivative of 1/60*y**5 - 1/12*y**4 - 2/3*y**3 + 116*y**2 + 0 + 0*y. What is m(-4)?
20
Let v be 16/2 - 0/(6 + -12). Suppose -v*s = -14*s - 18. Let q(c) = -4 - 2*c + 2 - c**2 + 3. Give q(s).
-2
Let s(x) = -2*x**2 + 27*x + 10. Let v be s(14). Let d(i) = 3*i**2 - 5*i + 6. Let k(o) = -2*o**2 + 3*o - 5. Let z(t) = -3*d(t) - 4*k(t). What is z(v)?
-26
Let y be -1*(-9 - 7 - -6). Suppose y*b + 110 = -12*b. Let t(v) = v**3 + 5*v**2 - v - 7. Calculate t(b).
-2
Let t(q) be the first derivative of 7*q**4/2 - q**2/2 - q + 1. Suppose 0 = d + 179 - 6. Let f = 172 + d. Determine t(f).
-14
Let d(k) be the second derivative of -5*k**3/3 - 101*k**2/2 - 21*k - 3. Give d(-10).
-1
Suppose 17*z + 11*z - 202 - 190 = 0. Let b(g) = -g**2 + 12*g + 32. Determine b(z).
4
Let h(p) = 76*p + 19. Let a(x) = 25*x + 6. Let o(m) = 19*a(m) - 6*h(m). Let v = -25 + 26. Give o(v).
19
Let p be -3 + 3 + -1 + 0. Let c(r) = r**2 + 1. Let n = -29 - -35. Let t(f) = 2*f**2 - f + 6. Let s(u) = n*c(u) - t(u). Determine s(p).
3
Suppose 0 = -6*d - 130 + 580. Suppose -v = -6*v + d. Let z(s) = -4*s + s - 14*s**2 + v*s**2. Calculate z(3).
0
Let p(f) be the first derivative of -f**3/3 - 11*f**2 - 6*f + 15. Let o be p(-21). Let n be (-180)/(-50) - 3/(o/(-2)). Let h(w) = w - 3. Give h(n).
1
Let l be ((-22)/(-5) - -1) + (-4)/10. Let n(b) be the second derivative of -2/3*b**4 + 5*b**2 - 2/3*b**3 + 0 - 11*b - 1/20*b**l. Give n(-7).
-11
Let z(a) be the first derivative of -a**4/4 - 2*a**3/3 + 2*a**2 - 1340. What is z(-3)?
-3
Let j(z) be the first derivative of -z**3/3 + 19*z**2/2 + 53*z - 249. Determine j(22).
-13
Let b(w) = -w + 3. Suppose g - j = 3*j + 97, 4*g - 428 = -4*j. Let m = -110 + g. Calculate b(m).
8
Suppose 185 = -26*m + 263. Let u(t) = t**2 - 5*t + 5. Let q be u(5). Let v(o) = 0*o + o - 7 + q. Determine v(m).
1
Let m = -14 + 9. Let v be (m/(5/(-2)))/(4/24). Let k(f) = f**3 - 12*f**2 - f + 11. Give k(v).
-1
Let y(d) = d**3 + d**2 - d - 59. Let i be -41 + 33 - (-16)/(0 + 2). Give y(i).
-59
Let d(r) = r**3 - 8*r**2 + 1060 + r - 544 - 537. What is d(8)?
-13
Suppose -64*h + 187 = -0*h + 1403. Let s(q) = -3*q - 21. Calculate s(h).
36
Let t(n) be the third derivative of -n**4/12 - 22*n**3/3 + 1281*n**2. Give t(-19).
-6
Let h be (-1)/((-33)/(-55))*3. Let o(v) = 3*v + 11. Give o(h).
-4
Let y(p) = -632 + 8*p**2 + 30*p + 22*p**3 + 21*p**3 + 630 - 68*p**3 + 24*p**3. Give y(-3).
7
Let u(k) = -7*k**2 - 101*k + 61. Let a(g) = -8*g**2 - 102*g + 60. Let x(h) = -4*a(h) + 5*u(h). Give x(-33).
-1
Let j(s) = -s - 3. Let q be j(-4). Suppose -o + 0*o = -q. Let h(w) = 17 - 73 + 21 + 20 - 9*w + 16. What is h(o)?
-8
Suppose 12 = 9*j - 6. Let u(q) = -q - 4070 + j*q + 4059. Give u(10).
-1
Let g(c) = -1 + 193626*c - 97088*c - 96536*c. Suppose 3*o + 4*r = -5, 0*o - 5*o = -4*r - 45. Suppose o*j + 2 = -3. Calculate g(j).
-3
Let o(j) = -2*j + 8. Suppose -5*y + 2*w = 5*w - 96, 66 = 4*y - 3*w. Suppose -y*v + 19*v = 6. Determine o(v).
-4
Let w(c) be the second derivative of -c**3/6 + 9*c**2/2 + c - 532. Let l be 0 - ((3 - -1) + 1). Calculate w(l).
14
Let h(g) = 33*g + 156. Let a(s) = 125*s + 615. Let w(b) = -4*a(b) + 15*h(b). Determine w(-24).
0
Suppose -267 = -34*z + 175. Let m(a) = -a**3 + 11*a**2 + 28*a - 5. Calculate m(z).
21
Let y be (6 - 4)/(4/18). Suppose 41*r - 20 = 37*r. Let l(u) = -3 + r - 11*u + u**2 + 10. Calculate l(y).
-6
Suppose -299 = -4*w - 3*i, 5*i - 20 = 4*w - 279. Let r = w + -63. Let y(z) = -2*z**2 + 10*z - z**3 - z - r*z + 0*z**2 + 3. Give y(-3).
9
Let l(i) be the first derivative of 23*i**2/2 + 16*i + 7. Let v be l(-1). Let a(j) = -j**2 - 7*j + 2. Determine a(v).
2
Suppose -i + 2 = 4*t, -7*i + 4*i = -5*t + 62. Let b be (-1 - -11)*i*3/12. Let f = 34 + b. Let m(q) = -7*q**3 + 2*q + 1. Calculate m(f).
6
Let d be (0 + 0)*-1*1. Suppose d*n + 28 = 4*n. Let b(i) = -385*i**2 + 40*i. Let j(h) = 76*h**2 - 8*h. Let o(s) = -15*b(s) - 76*j(s). Calculate o(n).
7
Let u(w) be the third derivative of w**6/12 - w**4/24 - 2209*w**2. Let x(p) = p - 2. Let n be x(8). Let o(t) = t**3 - 6*t**2 + 1. Let h be o(n). Determine u(h).
9
Let f(a) = 20*a + 14*a + 58 + 92 + 24*a - 51*a. Give f(-23).
-11
Suppose 12 = 11*b + 1. Let z(i) be the first derivative of -11 + 10/3*i**3 + i - i**2. What is z(b)?
9
Let x = 32595 - 32598. Let b(w) = 2. Let f(o) = -o + 14. Let i(s) = -14*b(s) + 2*f(s). Give i(x).
6
Let j(s) = -4*s + 9*s - 2 - 1. Let n = -139 + 143. Calculate j(n).
17
Let r(w) be the first derivative of -w**3/3 + w**2 + 11*w + 1161. Determine r(6).
-13
Let r(i) = i**2 - 16*i + 10. Let a(n) = n**3 - 59*n**2 + 68*n - 562. Let t be a(58). What is r(t)?
46
Let r(x) = 3*x**2 + 14*x - 23. Suppose -4*q - 4*o + 8 - 12 = 0, -4*o + 38 = -3*q. Calculate r(q).
1
Let n = 9781 - 9784. Let m(z) = 28*z. Calculate m(n).
-84
Let h(q) = -q**3 + 7*q + 3. Let d be h(4). Let k = 36 + d. Let n(b) = -b**3 + 4*b**2 - 2*b + 4. Calculate n(k).
7
Suppose 75 = f - k, -2*f + 112 = -k - 37. Let p = -74 + f. Let h(b) = b + 4 + 3*b - 6*b + p*b. What is h(5)?
-6
Let l(x) be the second derivative of 3*x**3/2 - 7*x**2/2 + 757*x - 2. Determine l(1).
2
Let u(l) = l**2 + 26*l + 15. Let b = -1272 - -1247. Calculate u(b).
-10
Let t(z) = -27*z + 91. Let m(n) = 30*n - 96. Let x(w) = 8*m(w) + 9*t(w). What is x(14)?
9
Let q(c) be the first derivative of -c**4/2 - 20*c**3/